-294)/(-28) - -9)/((-1)/(-90)). Calculate the highest common factor of s and 65.
65
Suppose -336 = 29*s - 45*s. Calculate the greatest common divisor of s and 1113.
21
Let w(h) = 2*h + 444. Let x be w(-5). What is the greatest common divisor of 14 and x?
14
Suppose -4*g + 0*g = -4. Let b(a) be the first derivative of 11*a**2/2 - a + 18. Let z be b(g). Calculate the greatest common divisor of z and 40.
10
Suppose 2*t = 5*c - 945, -2*c - 3*t + 378 = -0*c. What is the highest common divisor of 21 and c?
21
Let x(q) = 48*q**2 + 128*q - 12. Let c be x(-9). What is the greatest common factor of 12 and c?
12
Let m = 725 - 521. Calculate the greatest common divisor of m and 108.
12
Let q(c) = -8*c - 13. Let w(u) = 12*u + 20. Let o(h) = -8*q(h) - 5*w(h). Let d be o(3). Calculate the highest common divisor of 24 and d.
8
Suppose 0*f - 2*f = 0. Suppose 4*r + 4*n = 35 + 53, r + 4*n - 34 = f. Let s(d) = -18*d. Let j be s(-2). Calculate the greatest common factor of j and r.
18
Suppose -2*r = -r - 2. Suppose -4*s = -2*t + 88, -5*t + 287 - 92 = -5*s. Suppose -50 - t = -6*n. Calculate the highest common factor of n and r.
2
Suppose 0 = 3*p + 26 + 4. Let u = -7 - p. Let o = 26 + 1. Calculate the greatest common factor of u and o.
3
Let x(g) = 47*g + 2407. Let b be x(-51). Let q = -28 + 53. What is the greatest common factor of q and b?
5
Suppose 0 = 2*i - w + 45, -i = -2*i + w - 24. Let f = -22 - i. Let j(h) = -h + 3. Let t be j(f). What is the highest common factor of t and 12?
4
Let p be (-1)/(-1) - 13/1. Let y = -418 - -402. Let a = p - y. Calculate the highest common divisor of 4 and a.
4
Let w(u) = -4*u - 2. Let g be w(-7). Let d = -6 - -8. Suppose d*x + 1160 = 5*t, 448 = -0*t + 2*t - 4*x. What is the highest common divisor of t and g?
26
Let o = 1108 + 287. What is the greatest common factor of o and 90?
45
Suppose 0 = -21*q + 10*q + 220. What is the highest common divisor of q and 590?
10
Suppose 3*r - 171 = -263*v + 258*v, 171 = 3*r + 4*v. Calculate the greatest common factor of 57 and r.
57
Let l = -69 - -73. Suppose -5*m - 870 = -5*j, -l*j = j + 5*m - 820. What is the greatest common divisor of 13 and j?
13
Let w = 1632 - 1314. Calculate the greatest common divisor of 1166 and w.
106
Let f = 1 - 6. Let o be f/(5/(-4)) - -128. Calculate the greatest common divisor of 33 and o.
33
Let b = 183 - 125. Suppose 5*z = -3*t + 251, -9*z + 10*z + 437 = 5*t. Calculate the highest common factor of b and t.
29
Let z be (-651)/(-15) + (-21)/(-35). What is the highest common divisor of z and 132?
44
Let r(m) = -m**2 + 7*m + 10. Let l be r(7). Suppose 0 = -b - 3*b - 268. Let p be -2 - -9 - 4 - b. What is the highest common divisor of p and l?
10
Let y(s) = 5*s**2 + 6*s + 3. Let k be y(3). Let w be (1188/3)/4 - 0. What is the greatest common divisor of k and w?
33
Let l be (-32)/48 - 688/(-6). Suppose 6*v - 8*v = -l. Calculate the highest common factor of 38 and v.
19
Let k = -50 + 87. Let i(n) = 2*n**3 - 203*n**2 - 94*n - 483. Let m be i(102). Calculate the highest common divisor of k and m.
37
Let q(x) = x**3 + 2*x**2 + x + 5. Let y be q(-2). Calculate the highest common factor of y and 1.
1
Let h(p) = -46*p - 3. Let y be h(-1). Suppose 5*r - 4*t = y, -r - 4 = -9*t + 4*t. Calculate the greatest common divisor of 11 and r.
11
Let u = -9 - -38. Let m = 734 - 676. What is the highest common divisor of u and m?
29
Let y(b) = -b - 6. Let p be ((-21)/(-6)*2)/(-1). Let d be y(p). Suppose -z - d = -25. What is the highest common divisor of z and 6?
6
Let n = -219 - -232. Suppose -4*l + 4*p = -70 - 98, -3*l - 4*p = -105. What is the greatest common divisor of n and l?
13
Suppose 0 = 2*u - 7*n + 11*n - 1128, -2*u - 5*n + 1124 = 0. Calculate the greatest common divisor of u and 44.
44
Let m(y) = -7*y - 3. Let k = -15 - -4. Let b be m(k). Suppose 14 = -4*f + b. Calculate the greatest common factor of 105 and f.
15
Suppose -4*m = -0*m + i - 163, -10 = 2*i. What is the highest common factor of m and 6?
6
Suppose 0*i = -3*q - 2*i + 196, 5*i = -3*q + 184. Suppose -6*o + 2*o = -q. Calculate the highest common factor of o and 153.
17
Let p(i) = -5*i - 10. Let y be p(-11). Calculate the highest common factor of y and 30.
15
Suppose -3*a + 6 = -27. Let w = -1004 + 1059. What is the greatest common divisor of w and a?
11
Suppose -2*x + 6*x = -24. Let s be 363/(-22)*4/x. Calculate the highest common factor of 77 and s.
11
Suppose 3613 = -8*i + 5517. What is the greatest common factor of 136 and i?
34
Let w(j) = 25*j - 148. Let g be w(44). What is the highest common divisor of 28 and g?
28
Let f be (1 - 5/(-2))/((-1)/(-18)). Calculate the highest common divisor of f and 7.
7
Suppose -327*p + 328*p - 136 = 0. What is the greatest common factor of p and 187?
17
Let q(i) = 3*i**2 - 2*i. Let s be q(-2). Suppose -10 = -w - 2*h, 0 = -w + 33*h - 29*h + 16. Calculate the greatest common factor of s and w.
4
Let y = -129 + 194. What is the greatest common factor of y and 104?
13
Let d = -19 + 25. Suppose -r + d*z = 3*z - 2, 2*r - 4*z - 4 = 0. What is the greatest common factor of 4 and r?
2
Let j be (-32)/(-3) - 2/(-6). Suppose j*g + 32 = 13*g. Let c be (-254)/(-4) - (-8)/g. Calculate the greatest common factor of c and 16.
16
Suppose -529 = 5*p + 5*y - 2364, -4*y - 740 = -2*p. Suppose 8*n = -0*n + p. What is the highest common factor of 115 and n?
23
Let u(s) be the first derivative of -7*s + 1/3*s**3 - 7/2*s**2 - 14. Let p be u(10). What is the greatest common divisor of p and 69?
23
Let c be (-5 - (-4 + -6))/(-1)*-63. What is the greatest common divisor of 210 and c?
105
Let t = 19 - 3. Let w(y) be the first derivative of -y**4/4 - y**3/3 + 80*y - 3. Let m be w(0). What is the greatest common factor of m and t?
16
Let r(g) = -g**3 + 13*g**2 + 17*g - 26. Let i be r(14). Calculate the highest common divisor of i and 144.
16
Let m = 19 - 19. Let d be (m - 1)/(4/12). Let q be 40 - -2 - (d - 0). What is the greatest common factor of q and 18?
9
Suppose 0*h - 28 = -4*h. Let k(z) = -7*z**2 - 11*z - 13. Let t be k(-3). Let i = t + 50. What is the highest common divisor of h and i?
7
Suppose -q - 44 = -8. Let j = -17 - q. Calculate the greatest common divisor of 76 and j.
19
Suppose 11*d = 12*d - 4*a - 28, -4*a = 0. Calculate the greatest common factor of d and 308.
28
Suppose 2*p = 4*p - 32. Let v = 168 - 177. Let q(z) = z**2 + 7*z + 46. Let r be q(v). What is the greatest common factor of p and r?
16
Let r be 6/(-30) - ((-3802)/10 + 2). Suppose -p = -3*p + r. What is the greatest common factor of 21 and p?
21
Let b(p) = -25*p**3 - 5*p**2 - 4*p + 10. Let q be b(-3). What is the greatest common factor of q and 4?
4
Let i be 9800/105*(-42)/(-5). Calculate the greatest common factor of i and 16.
16
Let n be 2/(-4)*(-6 + -28). Let s(v) = -9*v**2 + v + 4. Let h be s(4). Let l be (-21)/(-14)*h/(-6). What is the greatest common factor of n and l?
17
Let k = 734 + -684. Calculate the greatest common divisor of k and 225.
25
Let w = 107 + -102. Suppose 4*h + 204 = n, -w*n + h = -729 - 367. Calculate the greatest common factor of 88 and n.
44
Suppose -3*n + i + 169 = 0, 2*i = -4 + 8. Calculate the greatest common divisor of n and 76.
19
Suppose 4*c - 336 = 3*i, -4*i = 2*c - 163 - 5. Calculate the highest common factor of 48 and c.
12
Suppose -2*g = 11 - 35. Let u be -3*((-140)/g)/5. Let t = 23 - 22. Calculate the highest common divisor of t and u.
1
Suppose 82*h = 18*h + 256. Calculate the greatest common divisor of h and 23.
1
Suppose 3*a - 2*a = -4*b - 8, 17 = 3*b - 5*a. Let l be (b + (-84)/(-15))/((-8)/(-40)). Calculate the highest common factor of l and 92.
23
Let h = 38 + 12. Let z(l) = -l**3 - 14*l - 26. Let c be z(-2). What is the greatest common divisor of c and h?
10
Suppose 2*j + 5 = 15. Let i be 2/j + 230/50. What is the highest common divisor of i and 5?
5
Let t be 3*13/15*175/5. Calculate the highest common factor of t and 21.
7
Let h(q) = -4*q + 2. Let y be h(0). Suppose 5 = y*k + 3*k. Calculate the highest common factor of k and 11.
1
Suppose -3*x + 107 = 2*q, 8*q - 6*q - 41 = -x. Calculate the greatest common factor of 297 and x.
33
Suppose 0 = -5*a - i + 76, 4*a - 48 = a - 3*i. Let w be -30*(-4 - (-90)/25). Let p be 36/12 + w + 0. Calculate the greatest common factor of p and a.
15
Let f b